v(n) be the third derivative of 7*n**5/60 + n**3 + 12*n**2. List the prime factors of v(3).
3, 23
Let y(q) = -q + 24. Let d(s) = -2*s + 20. Let n(w) = 6*d(w) - 5*y(w). Suppose 0 = 2*k - 2*c + 14, -3*c + 8 = -2*k - 10. List the prime factors of n(k).
3, 7
Let w(p) = p**2 - 9*p - 94. List the prime factors of w(-26).
2, 3, 17
Let g(p) be the third derivative of p**5/60 - 7*p**4/24 + 4*p**3/3 + p**2. Let s = -138 + 148. What are the prime factors of g(s)?
2, 19
Let n(h) be the third derivative of -5*h**4/8 - 59*h**3/6 + 38*h**2. What are the prime factors of n(-20)?
241
Suppose 15573 = 69*b - 15615. What are the prime factors of b?
2, 113
Let d(p) = -p**3 - 2*p**2 - 8*p - 5. Suppose -2*j - 2*j - 19 = c, 5*j - 5*c = -30. List the prime factors of d(j).
2, 5, 11
Let v(f) = -f**2 + 9*f + 9. Let m be v(9). Let x be -3 + m*(-2)/(-3). Suppose -3*j + 37 = 5*b, -x*b - 9 - 3 = -2*j. List the prime factors of j.
3
Let g = -77 + 136. Suppose -t = q + 4*t - g, -3*t - 351 = -5*q. List the prime factors of q.
3, 23
Suppose 359 = k + 3*q, -4*q - 48 - 1003 = -3*k. What are the prime factors of k?
353
Suppose -5*a + 2*y = -30, y = 3*y - 10. Suppose a*c - 3*c - 35 = 0. What are the prime factors of (0 + 1)*168/c?
2, 3
Suppose -8*s - 13250 = -13*s - m, 2*m = -2*s + 5300. List the prime factors of s.
2, 5, 53
Let t = -12 + 12. Suppose 0 = -2*n - t*n + 6. What are the prime factors of (n - (5 + 1))*-13?
3, 13
Let j(h) be the second derivative of 3*h**5/20 - h**4/2 + h**3/3 + 3*h**2/2 - 12*h. What are the prime factors of j(4)?
107
Let t = -34 - -54. Suppose 0 = -d - 11 - 3. Let b = t + d. What are the prime factors of b?
2, 3
List the prime factors of 3198 - (9 + -11)*(-14)/(-4).
5, 641
Suppose 2*v = 7*v - 20. Suppose f + 570 = -v*f. What are the prime factors of (-32)/(-24)*f/(-4)?
2, 19
Let n(q) be the third derivative of -q**5/120 - q**4/6 + 5*q**3/6 - 6*q**2. Let b(u) be the first derivative of n(u). What are the prime factors of b(-6)?
2
Suppose -24*t = -19*t - 90. Suppose -23*q + t*q + 105 = 0. List the prime factors of q.
3, 7
Let u(r) be the first derivative of 13*r**2/2 - 20*r - 8. Let i be u(9). Suppose i = -4*w + 321. List the prime factors of w.
2, 7
Let q be 10/6*48/40. Suppose 0 = -a + q*n + 53, 0 = -4*n + 9 - 1. What are the prime factors of 6/(-2)*a/(-9)?
19
Let p(a) = -a**2 - 10*a + 3. Let o be p(-8). Let t = -31 - -20. Let k = t + o. List the prime factors of k.
2
Let h(n) = -n**3 - 26*n**2 + 26*n - 292. List the prime factors of h(-29).
7, 211
Let r = -347 + 822. Let g = r + -266. What are the prime factors of g?
11, 19
Let u(b) = b**3 - b**2 - 3*b - 1. Let n be u(3). Let d = -3 + 3. Let y = n + d. What are the prime factors of y?
2
List the prime factors of ((-20)/16)/(3/(-276)).
5, 23
Let d(l) = 3*l**2 + 10*l - 8. Let f be d(-12). Suppose -g + 0*j + 4*j = -155, -2*g + 2*j + f = 0. What are the prime factors of g?
151
Let h = 21 + 1. Suppose h*g - 265 = 17*g. What are the prime factors of g?
53
Suppose g - 3*n + 197 = -3*g, -270 = 5*g + n. Let h = -11 - g. Suppose h = -o + 2*o. What are the prime factors of o?
2, 3, 7
Suppose l + g - 110 = 0, 3*g - 127 = -5*l + 427. Suppose 2*r = -0*r - l. Let b = r - -81. What are the prime factors of b?
5
Let r = -2972 + 5484. List the prime factors of r.
2, 157
Let y = 126 + -29. What are the prime factors of y?
97
Suppose 3790 = 3*w + 2*j, 4*j + 5060 = 4*w - 0*j. Suppose 2*a + 4*s - 392 = 262, 4*a = 3*s + w. List the prime factors of a.
11, 29
Let i be 240/(-75)*35/(-2). Suppose 4*a - i = v + v, v - 56 = -5*a. Suppose -a - 22 = -h. List the prime factors of h.
2, 17
Suppose -749 = 2*v - 7053. What are the prime factors of v?
2, 197
Let l(p) = 33*p**3 - 3*p**2 - 3*p + 2. Let c(o) = -32*o**3 + 2*o**2 + 2*o - 1. Let j(h) = -3*c(h) - 2*l(h). List the prime factors of j(1).
29
Let m be ((-20)/(-8) + -3)*-8. Let j(d) be the first derivative of d**4/4 - d**3 + d**2/2 + 9*d + 1. List the prime factors of j(m).
29
Let b = -2045 - -6931. List the prime factors of b.
2, 7, 349
Let l = 2920 + -2033. List the prime factors of l.
887
Let h be (4/(-3) + 2)*(15 - -111). Suppose -h - 69 = -c. What are the prime factors of c?
3, 17
Let v = -29 - -31. Suppose -a = -3*u - 107, 0 = 2*a + 2*a - v*u - 408. What are the prime factors of a?
101
Let j be -2 - (-8 - (-1 + -3)). What are the prime factors of 121 + 0 - ((-6 - -2) + j)?
3, 41
Let y(f) = 15*f**2 + 8*f + 4. List the prime factors of y(-8).
2, 3, 5
Let t(q) = 12*q + 43. List the prime factors of t(3).
79
Let w be -3 - (1 + -1 + 0). Let l(x) = x**3 + 3*x**2 - 4*x - 3. Let p be l(w). Let t(a) = a + 2. What are the prime factors of t(p)?
11
List the prime factors of (-10)/30*(-3601 + -8).
3, 401
Let b = 247 - 190. List the prime factors of b.
3, 19
Let t(z) = 30*z**2 - 5*z + 6. What are the prime factors of t(-4)?
2, 11, 23
Suppose 0 = -11*y + 6*y + 325. Let t be (-4)/(-26) - (-3630)/y. Suppose -32 - t = -2*u. List the prime factors of u.
2, 11
Let c(i) = i. Let a(t) = -12*t - 2. Let m(x) = -x**2 + 7*x - 3. Let d be m(6). Let l(s) = d*c(s) - a(s). What are the prime factors of l(3)?
47
Let j(u) = -u**2 - 5*u + 11. Let p(y) = -y**2 - 3*y - 1. Suppose -2*q - 4*l = 28, -45 = 3*q + 2*q + 5*l. Let h be p(q). List the prime factors of j(h).
11
Let a be ((-3)/9)/((-3)/162). Suppose -3*m + 6*z - z = -61, m - 4*z - a = 0. List the prime factors of m.
2, 11
Suppose -3504 + 16608 = 7*a. What are the prime factors of a?
2, 3, 13
Let h = -13 + 17. Suppose h*a = -a. Suppose 2*s + 0*s - 116 = a. List the prime factors of s.
2, 29
Suppose 4*d - 8 = 2*d. Let w be -1*(1 + (-12)/d). What are the prime factors of w/((-4)/2)*-21?
3, 7
Suppose 1320 = w - 3*m - 2188, 5*m - 17480 = -5*w. What are the prime factors of w?
3499
Let w(y) = 6*y**3 - 6*y**2 - 3*y + 3. List the prime factors of w(5).
2, 3, 7
Suppose -669 = 4*k - 1885. List the prime factors of k.
2, 19
Let w be (-2 + 11 + -4)/1. Suppose w*f + 175 = y, -316 - 366 = -4*y + 2*f. What are the prime factors of y?
2, 5, 17
Let z = -137 + 162. List the prime factors of z.
5
Suppose -2347 = -10*r - 237. What are the prime factors of r?
211
Suppose -8*s = 17 + 7. Let a(q) = -9*q**3 - q**2 - 4*q + 6. What are the prime factors of a(s)?
2, 3, 7
Let i = 866 - 803. What are the prime factors of i?
3, 7
Let b be 2 - (2 - 2) - (-1 - 180). List the prime factors of ((-8)/6)/((-2)/b).
2, 61
Let p(x) = -x - 10. Let w(n) be the second derivative of -13*n**5/20 - n**3/6 + n**2/2 + 3*n. Let i be w(1). List the prime factors of p(i).
3
Suppose 2*i = 4*i - 12. Let z = 4 + i. List the prime factors of z.
2, 5
Suppose -4*k - 2*w + 282 = 0, -25 = 3*k - 5*w - 230. Suppose -s = 15 - k. What are the prime factors of s?
5, 11
Suppose 13 = 2*n + t, -5*n - 5*t = -2*n - 37. Let a(i) = i**2 - 3*i + 110. Let m be a(0). List the prime factors of 15/(-10) + m/n.
2, 13
What are the prime factors of 2/2 + (23 + 4)*13?
2, 11
Let s be (-10)/4*24/(-30). Let u be s*((-63)/(-6))/7. Suppose -u*g + 97 = 2*g + 4*n, 0 = 4*g + n - 82. List the prime factors of g.
3, 7
Suppose v = -g + 4 - 1, -15 = -5*g. Suppose v*j - 105 = -2*j + 3*r, j = r + 51. List the prime factors of j.
2, 3
Let q = -20 - -24. Suppose -2*n = -4*b + 2*n + 116, q*b + n - 101 = 0. List the prime factors of b.
2, 13
Let g(r) = 40*r**2 + 10*r - 9. What are the prime factors of g(5)?
3, 347
Let j(q) = 0*q**2 + 3 + 0 + 2*q**2 - 2*q - 1. Let r be (-4)/(-1)*(4 + -3). List the prime factors of j(r).
2, 13
Let a(x) be the second derivative of 1/20*x**5 + 0 + 9/2*x**2 + 0*x**3 - 1/12*x**4 - x. List the prime factors of a(0).
3
Let i(f) = 75*f + 106. List the prime factors of i(6).
2, 139
Let y(z) = -z**2 - 5*z - 12. Let h be y(7). Let c = -27 - h. What are the prime factors of c?
3, 23
Let u(p) be the first derivative of -p**4/4 - 2*p**3 - p**2/2 - 5*p + 4. Let w be u(-6). Suppose -3*s + 19 = q, s + 2*q + q = w. List the prime factors of s.
7
Let r(s) = -4*s**3 - 2*s**2 + 2*s + 6. Let f be 4/((-80)/(-12))*-5. What are the prime factors of r(f)?
2, 3, 5
Let u(o) = 3*o**2 + 16*o + 5. Let a(d) = d**2 - 1. Let x(b) = -4*a(b) + u(b). Suppose 41 = 2*h - 8*m + 3*m, -h - 4*m + 1 = 0. List the prime factors of x(h).
2, 3
Suppose -3*s = 12, 3*p + 2*s - 302 = 1205. Suppose 8*k = p - 1. What are the prime factors of k?
3, 7
Let u = 843 -